
What are the prime factors of 68?
2, 17
What are the prime factors of 2339?
2339
List the prime factors of 4002.
2, 3, 23, 29
What are the prime factors of 1843?
19, 97
List the prime factors of 8431.
8431
What are the prime factors of 315?
3, 5, 7
What are the prime factors of 1067?
11, 97
List the prime factors of 29702.
2, 14851
What are the prime factors of 510?
2, 3, 5, 17
List the prime factors of 2354.
2, 11, 107
List the prime factors of 25778.
2, 12889
What are the prime factors of 1109?
1109
What are the prime factors of 60135?
3, 5, 19, 211
List the prime factors of 1242.
2, 3, 23
What are the prime factors of 31762?
2, 15881
List the prime factors of 1344.
2, 3, 7
What are the prime factors of 85011?
3, 43, 659
What are the prime factors of 1187?
1187
List the prime factors of 20355.
3, 5, 23, 59
List the prime factors of 10755.
3, 5, 239
List the prime factors of 3353.
7, 479
List the prime factors of 3944.
2, 17, 29
What are the prime factors of 3107?
13, 239
List the prime factors of 1609.
1609
List the prime factors of 13535.
5, 2707
List the prime factors of 4551.
3, 37, 41
What are the prime factors of 3756?
2, 3, 313
List the prime factors of 7560.
2, 3, 5, 7
List the prime factors of 2926.
2, 7, 11, 19
What are the prime factors of 1918?
2, 7, 137
What are the prime factors of 38941?
7, 5563
List the prime factors of 1035.
3, 5, 23
List the prime factors of 2059.
29, 71
List the prime factors of 21367.
23, 929
List the prime factors of 13096.
2, 1637
List the prime factors of 37613.
29, 1297
List the prime factors of 16513.
7, 337
List the prime factors of 60645.
3, 5, 13, 311
What are the prime factors of 8005?
5, 1601
List the prime factors of 3956.
2, 23, 43
What are the prime factors of 77788?
2, 19447
What are the prime factors of 21699?
3, 2411
List the prime factors of 52970.
2, 5, 5297
List the prime factors of 10093.
10093
What are the prime factors of 4700?
2, 5, 47
List the prime factors of 17454.
2, 3, 2909
What are the prime factors of 727?
727
What are the prime factors of 41820?
2, 3, 5, 17, 41
What are the prime factors of 35223?
3, 59, 199
What are the prime factors of 20639?
20639
What are the prime factors of 65714?
2, 11, 29, 103
List the prime factors of 5847.
3, 1949
List the prime factors of 9898.
2, 7, 101
What are the prime factors of 26400?
2, 3, 5, 11
What are the prime factors of 85462?
2, 13, 19, 173
What are the prime factors of 1017?
3, 113
What are the prime factors of 83704?
2, 10463
List the prime factors of 40442.
2, 73, 277
List the prime factors of 10.
2, 5
List the prime factors of 947.
947
List the prime factors of 16407.
3, 1823
What are the prime factors of 18913?
18913
List the prime factors of 772.
2, 193
What are the prime factors of 1350?
2, 3, 5
List the prime factors of 111480.
2, 3, 5, 929
What are the prime factors of 29046?
2, 3, 47, 103
List the prime factors of 1460.
2, 5, 73
What are the prime factors of 4527?
3, 503
List the prime factors of 23066.
2, 19, 607
What are the prime factors of 8394?
2, 3, 1399
List the prime factors of 11388.
2, 3, 13, 73
List the prime factors of 4404.
2, 3, 367
What are the prime factors of 740?
2, 5, 37
What are the prime factors of 1138?
2, 569
What are the prime factors of 1297?
1297
What are the prime factors of 1003?
17, 59
What are the prime factors of 1477?
7, 211
List the prime factors of 106523.
37, 2879
What are the prime factors of 29962?
2, 71, 211
What are the prime factors of 4801?
4801
What are the prime factors of 9661?
9661
List the prime factors of 1961.
37, 53
What are the prime factors of 46544?
2, 2909
What are the prime factors of 7340?
2, 5, 367
List the prime factors of 248.
2, 31
List the prime factors of 95916.
2, 3, 7993
What are the prime factors of 52293?
3, 17431
What are the prime factors of 6139?
7, 877
What are the prime factors of 253?
11, 23
What are the prime factors of 10737?
3, 1193
What are the prime factors of 9554?
2, 17, 281
List the prime factors of 28089.
3, 3121
List the prime factors of 34045.
5, 11, 619
What are the prime factors of 34402?
2, 103, 167
List the prime factors of 27455.
5, 17, 19
What are the prime factors of 2714?
2, 23, 59
What are the prime factors of 1129?
1129
List the prime factors of 203.
7, 29
What are the prime factors of 626?
2, 313
List the prime factors of 75.
3, 5
What are the prime factors of 29?
29
List the prime factors of 9992.
2, 1249
List the prime factors of 57472.
2, 449
What are the prime factors of 4512?
2, 3, 47
What are the prime factors of 27866?
2, 13933
List the prime factors of 33426.
2, 3, 619
List the prime factors of 38711.
38711
List the prime factors of 5515.
5, 1103
What are the prime factors of 978?
2, 3, 163
List the prime factors of 719.
719
List the prime factors of 1500.
2, 3, 5
List the prime factors of 32489.
53, 613
What are the prime factors of 2230?
2, 5, 223
List the prime factors of 135197.
135197
List the prime factors of 79606.
2, 53, 751
List the prime factors of 219.
3, 73
What are the prime factors of 955?
5, 191
What are the prime factors of 1128?
2, 3, 47
What are the prime factors of 2008?
2, 251
List the prime factors of 867.
3, 17
List the prime factors of 2594.
2, 1297
What are the prime factors of 56158?
2, 43, 653
What are the prime factors of 3719?
3719
List the prime factors of 2884.
2, 7, 103
What are the prime factors of 79833?
3, 13, 23, 89
What are the prime factors of 1327?
1327
List the prime factors of 23706.
2, 3, 439
What are the prime factors of 2428?
2, 607
List the prime factors of 13177.
13177
List the prime factors of 8099.
7, 13, 89
List the prime factors of 217.
7, 31
What are the prime factors of 10355?
5, 19, 109
List the prime factors of 1204.
2, 7, 43
List the prime factors of 1460.
2, 5, 73
List the prime factors of 1938.
2, 3, 17, 19
List the prime factors of 1347.
3, 449
What are the prime factors of 706?
2, 353
List the prime factors of 3733.
3733
List the prime factors of 3937.
31, 127
What are the prime factors of 30145?
5, 6029
List the prime factors of 4668.
2, 3, 389
What are the prime factors of 15831?
3, 1759
What are the prime factors of 46096?
2, 43, 67
List the prime factors of 3732.
2, 3, 311
What are the prime factors of 564?
2, 3, 47
What are the prime factors of 1000?
2, 5
What are the prime factors of 1961?
37, 53
List the prime factors of 885.
3, 5, 59
What are the prime factors of 29?
29
What are the prime factors of 511?
7, 73
What are the prime factors of 19?
19
List the prime factors of 434.
2, 7, 31
What are the prime factors of 1777?
1777
List the prime factors of 1330.
2, 5, 7, 19
What are the prime factors of 54694?
2, 23, 29, 41
What are the prime factors of 1845?
3, 5, 41
What are the prime factors of 2692?
2, 673
List the prime factors of 3265.
5, 653
What are the prime factors of 1217?
1217
List the prime factors of 51641.
113, 457
What are the prime factors of 1543?
1543
What are the prime factors of 4955?
5, 991
What are the prime factors of 362?
2, 181
What are the prime factors of 2263?
31, 73
List the prime factors of 21333.
3, 13, 547
List the prime factors of 50955.
3, 5, 43, 79
What are the prime factors of 883?
883
What are the prime factors of 517?
11, 47
What are the prime factors of 2081?
2081
What are the prime factors of 5776?
2, 19
What are the prime factors of 2097?
3, 233
List the prime factors of 4714.
2, 2357
What are the prime factors of 1690?
2, 5, 13
What are the prime factors of 1743?
3, 7, 83
List the prime factors of 1162.
2, 7, 83
List the prime factors of 15571.
23, 677
What are the prime factors of 22791?
3, 71, 107
List the prime factors of 83935.
5, 16787
What are the prime factors of 19359?
3, 239
List the prime factors of 3392.
2, 53
List the prime factors of 277.
277
List the prime factors of 4238.
2, 13, 163
List the prime factors of 21081.
3, 7027
List the prime factors of 1416.
2, 3, 59
What are the prime factors of 4393?
23, 191
List the prime factors of 12809.
12809
List the prime factors of 115.
5, 23
What are the prime factors of 163605?
3, 5, 13, 839
List the prime factors of 311.
311
List the prime factors of 20503.
7, 29, 101
List the prime factors of 11176.
2, 11, 127
What are the prime factors of 61094?
2, 11, 2777
Lis